{"id":161,"date":"2016-08-24T11:57:01","date_gmt":"2016-08-24T09:57:01","guid":{"rendered":"http:\/\/www.spring-reiter.de\/?page_id=161"},"modified":"2018-02-22T13:07:47","modified_gmt":"2018-02-22T12:07:47","slug":"abwuerfe-fehler-und-regeln-im-parcours","status":"publish","type":"page","link":"https:\/\/www.spring-reiter.de\/index.php\/abwuerfe-fehler-und-regeln-im-parcours\/","title":{"rendered":"Vom Abwurf bis zur Blutregel: Die Regeln im Parcours"},"content":{"rendered":"<p><strong>Vom Abwurf einer Stange bis zur Verweigerung und Zeit\u00fcberschreitung &#8211; Abz\u00fcge, Fehler, Strafpunkte und Regeln im Parcours<\/strong><\/p>\n<p>Beurteilt wird die Leistung von Reiter und Pferd zwischen Start- und Ziellinie anhand von Strafpunkten, Punkten, Sekunden und\/oder Wertnoten je nach Pr\u00fcfungs- Ausschreibung. <strong>spring-reiter.de<\/strong> bezieht sich hier auf die Kriterien der Leistungspr\u00fcfungsordnung (LPO) in der Fassung von 2018.<\/p>\n<p>Bei den Springpr\u00fcfungen wird zwischen unterschiedlichen Richtverfahren von A bis D unterschieden. So gilt zum Beispiel das Richtverfahren A f\u00fcr Standard-Spring- Pr\u00fcfungen mit Zeitwertung. Die Platzierung wird durch das Zusammenz\u00e4hlen der Strafpunkte ermittelt. Bei Strafpunktgleichheit werden die Teilnehmer nach der besseren Zeit platziert. Beim Richtverfahren B wird die Pr\u00fcfung im Stechen entschieden. Beim Richtverfahren C f\u00fcr Zeit-Spring-Pr\u00fcfungen ist die f\u00fcr den Parcours ben\u00f6tigte Zeit zuz\u00fcglich eventueller Strafsekunden ma\u00dfgebend. Das Richtverfahren D kommt bei Spezial-Spring-Pr\u00fcfungen zum Einsatz.<\/p>\n<p><strong>Regeln und Bewertungen im Parcours<\/strong><\/p>\n<p><strong>Fehler\/Zeit:<\/strong><br \/>\nErster Ungehorsam: 4 Strafpunkte<br \/>\nZweiter Ungehorsam: 8 Strafpunkte<br \/>\nJeder Hindernisfehler: 4 Strafpunkte<br \/>\n\u00dcberschreiten der erlaubten Zeit je angefangene Sekunde: 0,25 Strafpunkte (1 Strafpunkt im Stechen bzw. in der Siegerrunde)<\/p>\n<p>Sturz des Reiters oder Pferdes sowie\u00a03 x Ungehorsam: Ausschluss<\/p>\n<p><strong>Zeitspringen:<\/strong><br \/>\nHindernisfehler: 4 Strafsekunden (3 Strafsekunden im Stechen bzw. in Zwei-Phasen-Springpr\u00fcfungen)<br \/>\n\u00dcberschreiten der erlaubten Zeit (je angefangene Sekunde): 0,25 Strafpunkte (1 Strafpunkt im Stechen bzw. in der Siegerrunde)<\/p>\n<p>Sturz des Reiters oder Pferdes oder 3 maliger Ungehorsam: Ausschluss<\/p>\n<p><strong>Stilspringen:<\/strong><br \/>\nHindernisfehler werden mit 0,5 Wertnotenabzug bestraft<br \/>\nErster Ungehorsam: 0,5 Wertnotenabzug<br \/>\nZweiter Ungehorsam: 1,0 Wertnotenabzug<br \/>\nZweiter Ungehorsam am selben Hindernis: 2,0 Wertnotenabzug<br \/>\n\u00dcberschreiten der erlaubten Zeit je angefangene Sekunde: 0,1 Wertnotenabzug<\/p>\n<p>Sturz des Reiters oder Pferdes oder 3 maliger Ungehorsam: Ausschluss<\/p>\n<p><strong>Idealzeit:<\/strong><br \/>\n\u00dcber- bzw. Unterschreiten der Idealzeit ab der zweiten Sekunde: 0,25 Strafpunkte<\/p>\n<p><strong>FN-Hunterklasse:<\/strong><br \/>\nJeder Hindernisfehler: 5 Strafpunkte<br \/>\nErster Ungehorsam: 5 Strafpunkte<br \/>\nZweiter Ungehorsam: 10 Strafpunkte<br \/>\nZweiter Ungehorsam am selben Hindernis: 20 Strafpunkte<\/p>\n<p><strong>Fehler an Kombinationen<\/strong><\/p>\n<p>Offene Kombination: Bei Ungehorsam muss der Reiter alle Spr\u00fcnge der Kombination wiederholen.<\/p>\n<p>Geschlossene Kombination: Bei Ungehorsam ist der Reiter verpflichtet, den Parcours durch Springen der noch nicht \u00fcberwundenen Spr\u00fcnge der Kombination fortzusetzen.<\/p>\n<p><strong>Zeitmessung<\/strong><\/p>\n<p>Die Zeitmessung beginnt, wenn Pferd und Reiter nach dem Glockenzeichen die Startlinie passieren und sie endet in dem Moment, in dem das Duo \u00fcber die Ziellinie reitet.<\/p>\n<p>Wird ein Hindernis aufgrund eines Ungehorsams verr\u00fcckt oder umgeworfen, wird die Glocke gel\u00e4utet und die Uhr angehalten. Sobald das Hindernis wieder aufgebaut ist, ert\u00f6nt die Glocke erneut und der Reiter kann den Parcours fortsetzen. Die Uhr wird wieder in Gang gesetzt, wenn das Pferd zum Sprung ansetzt.<\/p>\n<p>Bei Unterbrechung der Zeitmessung wegen Ungehorsam werden der f\u00fcr den Parcours ben\u00f6tigten Zeit extra Straf-Zuschl\u00e4ge hinzugerechnet.<\/p>\n<p>Sie betragen:<\/p>\n<ul>\n<li>bei Ungehorsam vor einem einfachen Hindernis oder dem ersten Sprung einer offenen Kombination oder einem Sprung einer geschlossenen Kombination 6 Sekunden.<\/li>\n<li>bei Ungehorsam vor dem zweiten Sprung einer offenen Kombination 8 Sekunden.<\/li>\n<li>bei Ungehorsam vor dem dritten oder weiteren Sprung einer offenen Kombination 10 Sekunden.<\/li>\n<\/ul>\n<p><strong>Fremde Hilfe<\/strong><\/p>\n<p>Jede Einmischung einer Person mit der Absicht dem Reiter oder dem Pferd w\u00e4hrend der Pr\u00fcfung zu helfen, ist verboten.<\/p>\n<p><strong>Zum Ausschluss aus der Pr\u00fcfung f\u00fchrt:<\/strong><\/p>\n<ul>\n<li>Wenn der Reiter nach Aufruf zum Start durch den Richter binnen 60 Sekunden nicht auf den Pr\u00fcfungsplatz eingeritten ist.<\/li>\n<li>Ein Start des Reiters, bevor das Signal zum Start gegeben ist.<\/li>\n<li>Das \u00dcberschreiten von 45 Sekunden nach Passieren der Startlinie bis zum \u00dcberwinden des ersten Hindernisses.<\/li>\n<li>Der Start des Reiters bevor das Startsignal gegeben ist.<\/li>\n<li>Der dritte Ungehorsam.<\/li>\n<li>Der Sturz des Reiters oder Pferdes. <em>(St\u00fcrzt der Reiter nach der Ziel-Linie ist er nicht disqualifiziert, muss jedoch wieder aufsitzen und den Parcours zu Pferd verlassen. Sonst droht auch hier der Ausschluss.)<\/em><\/li>\n<li>Das \u00dcberschreiten der H\u00f6chstzeit.<\/li>\n<li>Das Springen eines Hindernisses au\u00dferhalb der vorgeschriebenen Reihenfolge.<\/li>\n<li>Das Verreiten ohne Korrektur.<\/li>\n<li>Wenn der Reiter nach einem Ungehorsam in einer offenen oder dem offenen Teil einer Kombination nicht alle Spr\u00fcnge der Kombination wiederholt.<\/li>\n<li>Der Reiter nach Unterbrechung weiterreitet, ohne das Freigabesignal abzuwarten.<\/li>\n<li>Wenn der Reiter den Pr\u00fcfungsplatz vor Beendigung des Parcours verl\u00e4sst.<\/li>\n<li>Die Verwendung nicht erlaubter Ausr\u00fcstung.<\/li>\n<li>Fremde Hilfe<\/li>\n<li>Wenn sich ein Pferd 45 Sekunden ununterbrochen w\u00e4hrend des Parcours widersetzt.<\/li>\n<li>Der Gebrauch jeglicher elektronischer Kommunikationsmittel w\u00e4hrend der Pr\u00fcfung.<\/li>\n<li>Unsportliches Verhalten und Nichtbeachtung der Vorschriften der LPO<\/li>\n<li>.<strong>\u201eBlut\u201c-Regel<\/strong><br \/>\nNach der neuen LPO 2018 sind Pferde, an denen in Bereichen, an denen \u00fcblicherweise mit einer Einwirkung durch den Teilnehmer zu rechnen ist, frisches Blut festgestellt wird, nicht zu einer Leistungspr\u00fcfung zugelassen oder zu disqualifizieren. Im Zweifelsfall ist das Pferd n\u00e4her zu untersuchen, wozu ggf. die Pr\u00fcfung unterbrochen wird. Stellt der Richter kein frisches Blut fest, wird die Pr\u00fcfung fortgesetzt. Kann die Ursache der Blutung nicht identifiziert werden, ist eine weiterf\u00fchrende Untersuchung durch den Turniertierarzt zu veranlassen. Das Ergebnis der Pferdekontrolle oder einer weiterf\u00fchrenden Untersuchung dient als Entscheidungsgrundlage daf\u00fcr, ob das Pferd an weiteren Pr\u00fcfungen auf dem demselben Turnier teilnehmen darf.<\/li>\n<\/ul>\n","protected":false},"excerpt":{"rendered":"<p>Vom Abwurf einer Stange bis zur Verweigerung und Zeit\u00fcberschreitung &#8211; Abz\u00fcge, Fehler, Strafpunkte und Regeln im Parcours Beurteilt wird die Leistung von Reiter und Pferd zwischen Start- und Ziellinie anhand von Strafpunkten, Punkten, Sekunden und\/oder Wertnoten je nach Pr\u00fcfungs- Ausschreibung. spring-reiter.de bezieht sich hier auf die Kriterien der Leistungspr\u00fcfungsordnung (LPO) &hellip; <a class=\"kt-excerpt-readmore\" href=\"https:\/\/www.spring-reiter.de\/index.php\/abwuerfe-fehler-und-regeln-im-parcours\/\" aria-label=\"Vom Abwurf bis zur Blutregel: Die Regeln im Parcours\">Weiterlesen<\/a><\/p>\n","protected":false},"author":1,"featured_media":0,"parent":0,"menu_order":0,"comment_status":"closed","ping_status":"closed","template":"","meta":{"footnotes":""},"class_list":["post-161","page","type-page","status-publish","hentry"],"translation":{"provider":"WPGlobus","version":"3.0.2","language":"de","enabled_languages":["de","en"],"languages":{"de":{"title":true,"content":true,"excerpt":false},"en":{"title":false,"content":false,"excerpt":false}}},"_links":{"self":[{"href":"https:\/\/www.spring-reiter.de\/index.php\/wp-json\/wp\/v2\/pages\/161","targetHints":{"allow":["GET"]}}],"collection":[{"href":"https:\/\/www.spring-reiter.de\/index.php\/wp-json\/wp\/v2\/pages"}],"about":[{"href":"https:\/\/www.spring-reiter.de\/index.php\/wp-json\/wp\/v2\/types\/page"}],"author":[{"embeddable":true,"href":"https:\/\/www.spring-reiter.de\/index.php\/wp-json\/wp\/v2\/users\/1"}],"replies":[{"embeddable":true,"href":"https:\/\/www.spring-reiter.de\/index.php\/wp-json\/wp\/v2\/comments?post=161"}],"version-history":[{"count":0,"href":"https:\/\/www.spring-reiter.de\/index.php\/wp-json\/wp\/v2\/pages\/161\/revisions"}],"wp:attachment":[{"href":"https:\/\/www.spring-reiter.de\/index.php\/wp-json\/wp\/v2\/media?parent=161"}],"curies":[{"name":"wp","href":"https:\/\/api.w.org\/{rel}","templated":true}]}}