{"id":164,"date":"2016-08-24T11:58:13","date_gmt":"2016-08-24T09:58:13","guid":{"rendered":"http:\/\/www.spring-reiter.de\/?page_id=164"},"modified":"2020-08-19T20:19:09","modified_gmt":"2020-08-19T18:19:09","slug":"erlaubte-ausruestung-pferd","status":"publish","type":"page","link":"https:\/\/www.spring-reiter.de\/index.php\/erlaubte-ausruestung-pferd\/","title":{"rendered":"Erlaubte Ausr\u00fcstung Pferd"},"content":{"rendered":"<p>Die Ausr\u00fcstung der Pferde muss den Regeln der Reitlehre, den Grunds\u00e4tzen des Tierschutzes sowie der Unfallverh\u00fctung entsprechen:<\/p>\n<p><strong>Erlaubte Reithalfter:<\/strong><\/p>\n<ul>\n<li>Hannoversches Reithalfter<\/li>\n<li>Englisches Reithalfter<\/li>\n<li>Kombiniertes Reithalfter<\/li>\n<li>Mexikanisches Reithalfter<\/li>\n<\/ul>\n<table>\n<tbody>\n<tr>\n<td><img decoding=\"async\" class=\"alignleft\" title=\"Englisches Reithalfter - Modell Arezzo der Firma Kieffer\" src=\"https:\/\/www.spring-reiter.de\/wp-content\/uploads\/2017\/03\/tz-arezzo-eng-reithalfter.jpg\" alt=\"Englisches Reithalfter Modell Arezzo der Firma Kieffer\" \/><\/td>\n<td>Englisches Reithalfter &#8211; Modell Arezzo der Firma Kieffer<\/td>\n<\/tr>\n<tr>\n<td><img decoding=\"async\" class=\"alignleft\" title=\"Mexikanisches Reithalfter\" src=\"https:\/\/www.spring-reiter.de\/img\/trense1.jpg\" alt=\"Mexikanisches Reithalfter\" \/><\/td>\n<td>Mexikanisches Reithalfter<\/td>\n<\/tr>\n<tr>\n<td style=\"text-align: left;\"><img loading=\"lazy\" decoding=\"async\" class=\"alignleft\" title=\"Hannoversches Reithalfter\" src=\"https:\/\/www.spring-reiter.de\/img\/trense2.jpg\" alt=\"Hannoversches Reithalfter\" width=\"179\" height=\"272\" \/><\/td>\n<td style=\"text-align: left;\">\u00a0Hannoversches Reithalfter<\/td>\n<\/tr>\n<\/tbody>\n<\/table>\n<p><strong>Erlaubte Gebisse:<\/strong><\/p>\n<ul>\n<li>Wassertrense einfach oder doppelt gebrochen<\/li>\n<li>Olivenkopftrense einfach und doppelt gebrochen<\/li>\n<li>D-Trense einfach und doppelt gebrochen<\/li>\n<li>Schenkeltrense einfach und doppelt gebrochen<\/li>\n<li>Stangengebisse aus Metall und Gummi oder Kunststoff<\/li>\n<li>Pelham aus Metall, Kunststoff oder Gummi einfach oder doppelt gebrochen mit Kinnkette und vorgeschriebener Kinnkettenunterlage zul\u00e4ssig.<\/li>\n<li>Drei-Ringe-Gebiss<\/li>\n<li>Bei Spring-Pr\u00fcfungen Kl E sind weder Stangen-, noch Pelham- oder Drei-Ringe-Gebisse erlaubt.<\/li>\n<\/ul>\n<p><strong>Mindestdicke der Gebisse (im Maulwinkel):<\/strong> Ponys: 10mm, Pferde: 14mm<\/p>\n<table>\n<tbody>\n<tr>\n<td><img loading=\"lazy\" decoding=\"async\" class=\"\" title=\"einfach gebrochene Wassertrense\" src=\"https:\/\/www.spring-reiter.de\/img\/wassertrense_einfach.jpg\" alt=\"einfach gebrochene Wassertrense\" width=\"302\" height=\"106\" \/><\/td>\n<td>einfach gebrochene<br \/>\nWassertrense<\/td>\n<\/tr>\n<tr>\n<td><img decoding=\"async\" title=\"doppelt gebrochene Wassertrense\" src=\"https:\/\/www.spring-reiter.de\/img\/wassertrense_doppelt.jpg\" alt=\"doppelt gebrochene Wassertrense\" \/><\/td>\n<td>doppelt gebrochene<br \/>\nWassertrense<\/td>\n<\/tr>\n<tr>\n<td><img loading=\"lazy\" decoding=\"async\" class=\"\" title=\"Olivenkopftrense\" src=\"https:\/\/www.spring-reiter.de\/img\/olivenkopftrense.jpg\" alt=\"Olivenkopftrense\" width=\"273\" height=\"129\" \/><\/td>\n<td>Olivenkopftrense<\/td>\n<\/tr>\n<tr>\n<td><img loading=\"lazy\" decoding=\"async\" class=\"\" title=\"D_Trense\" src=\"https:\/\/www.spring-reiter.de\/img\/d_trense.jpg\" alt=\"D_Trense\" width=\"262\" height=\"131\" \/><\/td>\n<td>D-Trense<\/td>\n<\/tr>\n<tr>\n<td>\u00a0<img loading=\"lazy\" decoding=\"async\" class=\"\" title=\"Schenkeltrense\" src=\"https:\/\/www.spring-reiter.de\/img\/schenkeltrense.jpg\" alt=\"Schenkeltrense\" width=\"252\" height=\"172\" \/><\/td>\n<td>\u00a0Schenkeltrense<\/td>\n<\/tr>\n<tr>\n<td>\u00a0<img loading=\"lazy\" decoding=\"async\" class=\"\" title=\"Stangengebiss aus Gummi\" src=\"https:\/\/www.spring-reiter.de\/img\/stangengebiss_gummi.jpg\" alt=\"Stangengebiss aus Gummi\" width=\"260\" height=\"124\" \/><\/td>\n<td>\u00a0Stangengebiss aus Gummi<\/td>\n<\/tr>\n<tr>\n<td>\u00a0<img loading=\"lazy\" decoding=\"async\" class=\"\" title=\"Stangengebiss aus Metall\" src=\"https:\/\/www.spring-reiter.de\/img\/stangengebiss_metall.jpg\" alt=\"Stangengebiss aus Metall\" width=\"262\" height=\"125\" \/><\/td>\n<td>\u00a0Stangengebiss aus Metall<\/td>\n<\/tr>\n<tr>\n<td>\u00a0<img loading=\"lazy\" decoding=\"async\" class=\"\" title=\"Stangengebiss aus Kunststoff\" src=\"https:\/\/www.spring-reiter.de\/img\/stangengebiss_kunststoff.jpg\" alt=\"Stangengebiss aus Kunststoff\" width=\"254\" height=\"127\" \/><\/td>\n<td>\u00a0Stangengebiss aus Kunststoff<\/td>\n<\/tr>\n<tr>\n<td>\u00a0<img loading=\"lazy\" decoding=\"async\" class=\"\" title=\"Pelham\" src=\"https:\/\/www.spring-reiter.de\/img\/pelham.jpg\" alt=\"Pelham\" width=\"248\" height=\"150\" \/><\/td>\n<td>\u00a0Pelham<\/td>\n<\/tr>\n<\/tbody>\n<\/table>\n<div id=\"gebisse\"><\/div>\n<p><strong>Sattel:<\/strong> einschlie\u00dflich Steigb\u00fcgeln\/Steigb\u00fcgelriemen und Gurt. In Pony-Pr\u00fcfungen der Kl. E bis L ist ein Schweifriemen zugelassen.<\/p>\n<p><strong>Gamaschen und Co:<\/strong> Bandagen, Gamaschen, Streichkappen und Springglocken sind in allen Pr\u00fcfungen \u00fcber Hindernisse zugelassen. Dies gilt auch f\u00fcr Hufschuhe, die \u00fcber den Kronenrand reichen (Ausnahme: Eignungspr\u00fcfung f\u00fcr Reitpferde).<\/p>\n<p><strong>NEU seit 2018<\/strong>: Gamaschen und alle sonstigen zum Schutz der Pferdebeine erlaubten Ausr\u00fcstungsgegenst\u00e4nde sind nicht nur korrekt anzulegen, sondern d\u00fcrfen mit dem Betreten des Vorbereitungsplatzes Springen auch grunds\u00e4tzlich nicht mehr ge\u00e4ndert werden. Zu diesem Zweck ist auch ein Verlassen des Vorbereitungsplatzes nicht zul\u00e4ssig.<\/p>\n<p><strong>Kopfnummern: <\/strong>Ab 2018 reicht eine Kopfnummer pro Pferd. Diese ist w\u00e4hrend des gesamten Turniers deutlich sichtbar anzubringen.<\/p>\n<p><strong>Vorderzeug:<\/strong> zugelassen in allen Pr\u00fcfungen.<\/p>\n<p><strong>Erlaubte Hilfsz\u00fcgel:<\/strong>\u00a0 Die Verwendung einer beliebigen Z\u00e4umung sowie eines Schlaufz\u00fcgels auf dem Vorbereitungsplatz ist nur noch ab Klasse M** zul\u00e4ssig. (Das Springen mit Schlaufz\u00fcgel ist und bleibt generell verboten).<\/p>\n<p><strong>Fliegenschutz an den Ohren:<\/strong> in allen Springpr\u00fcfungen zugelassen.Das Verbinden des Ohrenschutzes mit dem Nasenriemen ist nicht gestattet. Der Bereich der Augen und des Nasenr\u00fcckens muss frei bleiben, das Ohrenspiel darf nicht beeintr\u00e4chtigt sein.<\/p>\n<p><strong>Stollen und Stollengurt:<\/strong> erlaubt in allen Pr\u00fcfungen<\/p>\n<p><strong>Wann welche Stollen:<\/strong> Auf festem und harten Untergrund werden meist sehr spitze und scharfe Stollen in die Stollenl\u00f6cher eingesetzt. In weichem und matschigem Gel\u00e4nde werden dagegen h\u00e4ufig breite und kantige Stollen verwendet, die mit ihrer Form die Rutschgefahr vermindern. <strong>Nicht vergessen:<\/strong> Die Stollen vor dem R\u00fccktransport unbedingt vorher wieder herausdrehen.<\/p>\n<p><strong>Nicht erlaubt:<\/strong> mit Gewichten beschwerte Gamaschen oder Springglocken.<\/p>\n<p><strong>Nicht erlaubt:<\/strong> Schlaufz\u00fcgel beim \u00dcberwinden von Hindernissen<\/p>\n<p><strong><a href=\"http:\/\/www.pferd-aktuell.de\/misc\/filePush.php?mimeType=application\/pdf&amp;fullPath=http:\/\/www.pferd-aktuell.de\/files\/2\/67\/43\/1172\/Ausruestungskatalog-_Zugelassene_Ausruestung_gemaess_LPO.pdf\">Ausr\u00fcstungskatalog 2017 (PDF)<\/a><\/strong><\/p>\n","protected":false},"excerpt":{"rendered":"<p>Die Ausr\u00fcstung der Pferde muss den Regeln der Reitlehre, den Grunds\u00e4tzen des Tierschutzes sowie der Unfallverh\u00fctung entsprechen: Erlaubte Reithalfter: Hannoversches Reithalfter Englisches Reithalfter Kombiniertes Reithalfter Mexikanisches Reithalfter Englisches Reithalfter &#8211; Modell Arezzo der Firma Kieffer Mexikanisches Reithalfter \u00a0Hannoversches Reithalfter Erlaubte Gebisse: Wassertrense einfach oder doppelt gebrochen Olivenkopftrense einfach und doppelt &hellip; <a class=\"kt-excerpt-readmore\" href=\"https:\/\/www.spring-reiter.de\/index.php\/erlaubte-ausruestung-pferd\/\" aria-label=\"Erlaubte Ausr\u00fcstung Pferd\">Weiterlesen<\/a><\/p>\n","protected":false},"author":1,"featured_media":0,"parent":0,"menu_order":0,"comment_status":"closed","ping_status":"closed","template":"","meta":{"footnotes":""},"class_list":["post-164","page","type-page","status-publish","hentry"],"translation":{"provider":"WPGlobus","version":"3.0.2","language":"de","enabled_languages":["de","en"],"languages":{"de":{"title":true,"content":true,"excerpt":false},"en":{"title":false,"content":false,"excerpt":false}}},"_links":{"self":[{"href":"https:\/\/www.spring-reiter.de\/index.php\/wp-json\/wp\/v2\/pages\/164","targetHints":{"allow":["GET"]}}],"collection":[{"href":"https:\/\/www.spring-reiter.de\/index.php\/wp-json\/wp\/v2\/pages"}],"about":[{"href":"https:\/\/www.spring-reiter.de\/index.php\/wp-json\/wp\/v2\/types\/page"}],"author":[{"embeddable":true,"href":"https:\/\/www.spring-reiter.de\/index.php\/wp-json\/wp\/v2\/users\/1"}],"replies":[{"embeddable":true,"href":"https:\/\/www.spring-reiter.de\/index.php\/wp-json\/wp\/v2\/comments?post=164"}],"version-history":[{"count":0,"href":"https:\/\/www.spring-reiter.de\/index.php\/wp-json\/wp\/v2\/pages\/164\/revisions"}],"wp:attachment":[{"href":"https:\/\/www.spring-reiter.de\/index.php\/wp-json\/wp\/v2\/media?parent=164"}],"curies":[{"name":"wp","href":"https:\/\/api.w.org\/{rel}","templated":true}]}}