{"id":330,"date":"2016-08-25T13:06:23","date_gmt":"2016-08-25T11:06:23","guid":{"rendered":"http:\/\/www.spring-reiter.de\/?page_id=330"},"modified":"2016-08-25T13:46:13","modified_gmt":"2016-08-25T11:46:13","slug":"turnier-und-ausbildungsstaelle-bayern","status":"publish","type":"page","link":"https:\/\/www.spring-reiter.de\/index.php\/turnier-und-ausbildungsstaelle-bayern\/","title":{"rendered":"Turnier- und Ausbildungsst\u00e4lle Bayern"},"content":{"rendered":"<p><strong>Frankenhof Sonnefeld<\/strong><\/p>\n<p>Springausbildung vom Anf\u00e4nger bis zur Klasse S.<br \/>\nLandesmeisterin 2014 Katja Dellert<br \/>\n<a href=\"http:\/\/www.frankenhof-sonnefeld.de\/\" target=\"_blank\">Website<\/a><\/p>\n<hr \/>\n<p><strong>Horsepark<\/strong><\/p>\n<p>J\u00f6rne Sprehe<br \/>\nDeutsche Meisterin und international erfolgreiche Spring-Reiterin<br \/>\n<a href=\"http:\/\/www.horsepark.de\/\" target=\"_blank\">Website<\/a><\/p>\n<hr \/>\n<p><strong>MK Sporthorses and Trailers<\/strong><\/p>\n<p>Max K\u00fchner<br \/>\nSiegreich in \u00fcber 100 nationalen und internationalen Springen, Gro\u00dfen Preisen und Nationenpreisen. Max K\u00fchner startet ab 2015 f\u00fcr \u00d6sterreich.<br \/>\n<a href=\"http:\/\/www.maxkuehner.de\/\" target=\"_blank\">Website<\/a><\/p>\n<hr \/>\n<p><strong>Reitanlage Gut Buchenhof<\/strong><\/p>\n<p>Daniel Dassler<br \/>\nMehrfacher Schw\u00e4bischer und Bayerischer Meister<br \/>\n<a href=\"http:\/\/www.reitanlage-gutbuchenhof.de\/\" target=\"_blank\">Website<\/a><\/p>\n<hr \/>\n<p><strong>Reitanlage Neuried<\/strong><\/p>\n<p>Alexander Schill<br \/>\nTr\u00e4ger des Goldenen Reitabzeichens, zahlreiche Siege und Meisterschaftstitel<br \/>\n<a href=\"http:\/\/alexanderschill.de\/\" target=\"_blank\">Website<\/a><\/p>\n<hr \/>\n<p><strong>Reitstall Fessler<\/strong><\/p>\n<p>Springausbildung bis zur Klasse S.<br \/>\n<a href=\"http:\/\/www.reitstall-fessler.de\/\" target=\"_blank\">Website<\/a><\/p>\n<hr \/>\n<p><strong>Sportpferde Puschak<\/strong><\/p>\n<p>Wolfgang Puschak<br \/>\n<a href=\"http:\/\/www.sportpferde-puschak.de\/\" target=\"_blank\">Website<\/a><\/p>\n<hr \/>\n<p><strong>Sportpferde Weishaupt<\/strong><\/p>\n<p>Josef Weishaupt, Landestrainer der bayerischen Children, Junioren und Jungen Reiter.<br \/>\nMaximilian Weishaupt, hocherfolgreich in schwersten Springpr\u00fcfungen, Tr\u00e4ger des Goldenen Reitabzeichens.<br \/>\n<a href=\"http:\/\/www.sportpferdeweishaupt.de\/\" target=\"_blank\">Website<\/a><\/p>\n","protected":false},"excerpt":{"rendered":"<p>Frankenhof Sonnefeld Springausbildung vom Anf\u00e4nger bis zur Klasse S. Landesmeisterin 2014 Katja Dellert Website Horsepark J\u00f6rne Sprehe Deutsche Meisterin und international erfolgreiche Spring-Reiterin Website MK Sporthorses and Trailers Max K\u00fchner Siegreich in \u00fcber 100 nationalen und internationalen Springen, Gro\u00dfen Preisen und Nationenpreisen. Max K\u00fchner startet ab 2015 f\u00fcr \u00d6sterreich. Website &hellip; <a class=\"kt-excerpt-readmore\" href=\"https:\/\/www.spring-reiter.de\/index.php\/turnier-und-ausbildungsstaelle-bayern\/\" aria-label=\"Turnier- und Ausbildungsst\u00e4lle Bayern\">Weiterlesen<\/a><\/p>\n","protected":false},"author":1,"featured_media":0,"parent":0,"menu_order":0,"comment_status":"closed","ping_status":"closed","template":"","meta":{"footnotes":""},"class_list":["post-330","page","type-page","status-publish","hentry"],"translation":{"provider":"WPGlobus","version":"3.0.2","language":"de","enabled_languages":["de","en"],"languages":{"de":{"title":true,"content":true,"excerpt":false},"en":{"title":false,"content":false,"excerpt":false}}},"_links":{"self":[{"href":"https:\/\/www.spring-reiter.de\/index.php\/wp-json\/wp\/v2\/pages\/330","targetHints":{"allow":["GET"]}}],"collection":[{"href":"https:\/\/www.spring-reiter.de\/index.php\/wp-json\/wp\/v2\/pages"}],"about":[{"href":"https:\/\/www.spring-reiter.de\/index.php\/wp-json\/wp\/v2\/types\/page"}],"author":[{"embeddable":true,"href":"https:\/\/www.spring-reiter.de\/index.php\/wp-json\/wp\/v2\/users\/1"}],"replies":[{"embeddable":true,"href":"https:\/\/www.spring-reiter.de\/index.php\/wp-json\/wp\/v2\/comments?post=330"}],"version-history":[{"count":0,"href":"https:\/\/www.spring-reiter.de\/index.php\/wp-json\/wp\/v2\/pages\/330\/revisions"}],"wp:attachment":[{"href":"https:\/\/www.spring-reiter.de\/index.php\/wp-json\/wp\/v2\/media?parent=330"}],"curies":[{"name":"wp","href":"https:\/\/api.w.org\/{rel}","templated":true}]}}

Turnier- und Ausbildungsställe Bayern

<p><strong>Frankenhof Sonnefeld</strong></p>
<p>Springausbildung vom Anfänger bis zur Klasse S.<br />
Landesmeisterin 2014 Katja Dellert<br />
<a href="http://www.frankenhof-sonnefeld.de/" target="_blank">Website</a></p>
<hr />
<p><strong>Horsepark</strong></p>
<p>Jörne Sprehe<br />
Deutsche Meisterin und international erfolgreiche Spring-Reiterin<br />
<a href="http://www.horsepark.de/" target="_blank">Website</a></p>
<hr />
<p><strong>MK Sporthorses and Trailers</strong></p>
<p>Max Kühner<br />
Siegreich in über 100 nationalen und internationalen Springen, Großen Preisen und Nationenpreisen. Max Kühner startet ab 2015 für Österreich.<br />
<a href="http://www.maxkuehner.de/" target="_blank">Website</a></p>
<hr />
<p><strong>Reitanlage Gut Buchenhof</strong></p>
<p>Daniel Dassler<br />
Mehrfacher Schwäbischer und Bayerischer Meister<br />
<a href="http://www.reitanlage-gutbuchenhof.de/" target="_blank">Website</a></p>
<hr />
<p><strong>Reitanlage Neuried</strong></p>
<p>Alexander Schill<br />
Träger des Goldenen Reitabzeichens, zahlreiche Siege und Meisterschaftstitel<br />
<a href="http://alexanderschill.de/" target="_blank">Website</a></p>
<hr />
<p><strong>Reitstall Fessler</strong></p>
<p>Springausbildung bis zur Klasse S.<br />
<a href="http://www.reitstall-fessler.de/" target="_blank">Website</a></p>
<hr />
<p><strong>Sportpferde Puschak</strong></p>
<p>Wolfgang Puschak<br />
<a href="http://www.sportpferde-puschak.de/" target="_blank">Website</a></p>
<hr />
<p><strong>Sportpferde Weishaupt</strong></p>
<p>Josef Weishaupt, Landestrainer der bayerischen Children, Junioren und Jungen Reiter.<br />
Maximilian Weishaupt, hocherfolgreich in schwersten Springprüfungen, Träger des Goldenen Reitabzeichens.<br />
<a href="http://www.sportpferdeweishaupt.de/" target="_blank">Website</a></p>

<p>Frankenhof Sonnefeld Springausbildung vom Anfänger bis zur Klasse S. Landesmeisterin 2014 Katja Dellert Website Horsepark Jörne Sprehe Deutsche Meisterin und international erfolgreiche Spring-Reiterin Website MK Sporthorses and Trailers Max Kühner Siegreich in über 100 nationalen und internationalen Springen, Großen Preisen und Nationenpreisen. Max Kühner startet ab 2015 für Österreich. Website &hellip; <a class="kt-excerpt-readmore" href="https://www.spring-reiter.de/index.php/turnier-und-ausbildungsstaelle-bayern/" aria-label="Turnier- und Ausbildungsställe Bayern">Weiterlesen</a></p>
