{"id":354,"date":"2016-08-25T13:12:46","date_gmt":"2016-08-25T11:12:46","guid":{"rendered":"http:\/\/www.spring-reiter.de\/?page_id=354"},"modified":"2016-12-03T13:18:35","modified_gmt":"2016-12-03T12:18:35","slug":"turnier-und-ausbildungsstaelle-schleswig-holstein","status":"publish","type":"page","link":"https:\/\/www.spring-reiter.de\/index.php\/turnier-und-ausbildungsstaelle-schleswig-holstein\/","title":{"rendered":"Turnier- und Ausbildungsst\u00e4lle Schleswig-Holstein"},"content":{"rendered":"<p><strong>Ausbildungsstall Ackermann-Ripke<\/strong><\/p>\n<p>Cora Ackermann-Ripke, Andreas Ripke<br \/>\nVermarktung und Vermittlung von Springpferden, Training und Turnierbegleitung f\u00fcr ambitionierte Springreiter\/innen ab L-Niveau, Unterricht und Springlehrg\u00e4nge auf Anfrage<br \/>\n<a href=\"http:\/\/www.ackermann-ripke.de\/\" target=\"_blank\">Website<\/a><\/p>\n<hr \/>\n<p><strong>Mylene Diederichsmeier \u2013 Ausbildung, Turniersport, Verkaufspferde<\/strong><\/p>\n<p>Siegerin vieler Gro\u00dfer Preise, Tr\u00e4gerin des Goldenen Reitabzeichens<br \/>\n<a href=\"http:\/\/www.mylene-diederichsmeier.com\/simplecms\/?page=home\" target=\"_blank\">Website<\/a><\/p>\n<hr \/>\n<p><strong>Gest\u00fct R\u00fcder<\/strong><\/p>\n<p>Kai R\u00fcder ist Pferdewirtschaftsmeister und erfolgreich Nationenpreise geritten.<br \/>\nAusbildung von Pferd und Reiter, Ferienwohnungen.<br \/>\n<a href=\"http:\/\/gestuetrueder.de\/index.php\" target=\"_blank\">Website<\/a><\/p>\n<hr \/>\n<p><strong>Gest\u00fct und Springstall Gr\u00f6nwohldhof<\/strong><\/p>\n<p>Manfred von Allw\u00f6rden<br \/>\nHolsteiner Springpferdezucht und -Ausbildung<br \/>\n<a href=\"http:\/\/www.groenwohldhof.com\/\" target=\"_blank\">Website<\/a><\/p>\n<hr \/>\n<p><strong>Christian Hess \u2013 Showjumping<\/strong><\/p>\n<p>Christian Hess ist Pferdewirtschaftsmeister und war vier Jahre Bereiter im Stall von Otto Becker. Heute hat er sich auf das Training von Pferden und Reitern, der Ausbildung und Turniervorstellung von talentierten Sportpferden sowie den Verkauf und die Vermittlung von Sportpferden spezialisiert.<br \/>\n<a href=\"http:\/\/www.hess-showjumping.com\/\" target=\"_blank\">Website<\/a><\/p>\n<hr \/>\n<p><strong>J\u00f6rg Kreuzmann<\/strong><\/p>\n<p>Der internationale Top-Reiter J\u00f6rg Kreuzmann bringt Nachwuchsspringpferde in den Gro\u00dfen Sport.<br \/>\n<a href=\"http:\/\/www.joergkreutzmann.de\/\" target=\"_blank\">Website<\/a><\/p>\n<hr \/>\n<p><strong>Stall L\u00fcneburg<\/strong><\/p>\n<p>Familie L\u00fcneburg\u00a0 &#8211; Sohn Nisse L\u00fcneburg konnte 2014 zum zweiten Mal das Hamburger Derby gewinnen.<br \/>\nDie Familie bildet auf ihrem Hof Pferde, Springreiter und Pferdewirte aus.<br \/>\n<a href=\"http:\/\/www.stall-lueneburg.de\/\" target=\"_blank\">Website<\/a><\/p>\n<hr \/>\n<p><strong>Reitstall Dirk Schr\u00f6der<\/strong><\/p>\n<p>Dirk Schr\u00f6der, Sch\u00fcler von Springreiter-Legende Gerd Wildfang, reitet erfolgreich auf internationalen Turnieren, Europameisterschaften bis zu Nationenpreisen und bildet Springpferde f\u00fcr den Gro\u00dfen Sport aus. Ein weiterer Schwerpunkt seiner Arbeit ist das Training vieler Reiter aus verschiedener Nationen.<br \/>\n<a href=\"http:\/\/www.reitstall-schroeder.de\/\" target=\"_blank\">Website<\/a><\/p>\n<hr \/>\n<p><strong>Reitstall Vo\u00df<\/strong><\/p>\n<p>Thomas Vo\u00df, der Pferdewirtschaftsmeister, k\u00fcmmert sich um die Aus- und Weiterbildung junger Pferde und Ponys. Au\u00dferdem erteilt er regelm\u00e4\u00dfig professionellen Reitunterricht in Dressur und Springen.<br \/>\n<a href=\"http:\/\/reiterhof-voss.de\/\" target=\"_blank\">Website<\/a><\/p>\n<hr \/>\n<p><strong>Stall Ahlmann<\/strong><\/p>\n<p>Dirk Ahlmann war unter anderem Bereiter im Stall von Ludger Beerbaum.<br \/>\nHeute leitet er eine Hengststation sowie einen Turnier- und Ausbildungsstall.<br \/>\n<a href=\"http:\/\/www.stall-ahlmann.de\/\" target=\"_blank\">Website<\/a><\/p>\n<hr \/>\n<p><strong>Stall Bengtsson &amp; Kristoffersen<\/strong><\/p>\n<p>Bo Kristoffersen und Rolf-Go\u00a8ran Bengtsson<br \/>\nBo k\u00fcmmert sich um das Management und das Training der Sch\u00fcler, Rolf, Europameister von 2011, reitet Turniere und bildet Pferde aus.<br \/>\n<a href=\"http:\/\/www.stall-bengtsson-kristoffersen.com\/\" target=\"_blank\">Website<\/a><\/p>\n<hr \/>\n<p><strong>Stall Luther<\/strong><\/p>\n<p>Familie Luther &#8211; Die Ausbildung junger Springpferde und Reiter stehen im Mittelpunkt des angebotenen Leistungsspektrums des Stalles Luther.<br \/>\nPeter Luther ist Gewinner des Hamburger Spring Derbys 1980 und Bronzemedaillen-Gewinner mit der Mannschaft bei den Olympischen Spielen 1984 in Los Angeles.<br \/>\nSein Sohn, Thie\u00df Luther, konnte viele Nationenpreise gewinnen und ist mehrfacher Landesmeister.<br \/>\n<a href=\"http:\/\/www.luther-team.de\/index.php?id=28\" target=\"_blank\">Website<\/a><\/p>\n<hr \/>\n<p><strong>Stall Nagel<\/strong><\/p>\n<p>Reimer, Bj\u00f6rn (Einzeleuropameister 1993)\u00a0 und Tjark Nagel(Nationenpreisgewinner)<br \/>\nSportpferdeverkauf von der Remonte bis zum internationalen Pferd, Vermarktung und Vermittlung von Zucht- &amp; Sportpferden, Beritt und Turniervorstellung auf h\u00f6chstem Niveau, individuelle Betreuung\/Coaching vor Ort oder bei uns.<br \/>\n<a href=\"http:\/\/www.teamnagel.de\/\" target=\"_blank\">Website<\/a><\/p>\n<hr \/>\n<p><strong>Stall Stecher<\/strong><\/p>\n<p>Zucht-, Ausbildungs- und Verkaufsstall<br \/>\n<a href=\"http:\/\/www.stall-stecher.de\/\" target=\"_blank\">Website<\/a><\/p>\n<hr \/>\n<p><strong>Von R\u00f6nne Sportpferde GmbH<\/strong><\/p>\n<p>S\u00f6ren und Charlotte von R\u00f6nne<br \/>\nNach vielen internationalen Erfolgen, wie z.B. Mannschaftsweltmeister und Einzelbronze 1994 und Derbysieger 2002, legen S\u00f6ren von R\u00f6nne und seine Frau Charlotte ihren Focus heute auf die Zucht, Ausbildung und Vermarktung qualit\u00e4tsvoller Sportpferde.<br \/>\n<a href=\"http:\/\/www.von-roenne.com\/index.php\/de\/soeren-v-roenne\" target=\"_blank\">Website<\/a><\/p>\n<hr \/>\n<p><strong>Wittenberg Sportpferde<\/strong><\/p>\n<p>Thorsten Wittenberg bietet Pferdeausbildung und Turniervorstellung\u00a0bis zur h\u00f6chsten Klasse.<br \/>\n<a href=\"http:\/\/www.wittenberg-sportpferde.de\/\" target=\"_blank\">Website<\/a><\/p>\n","protected":false},"excerpt":{"rendered":"<p>Ausbildungsstall Ackermann-Ripke Cora Ackermann-Ripke, Andreas Ripke Vermarktung und Vermittlung von Springpferden, Training und Turnierbegleitung f\u00fcr ambitionierte Springreiter\/innen ab L-Niveau, Unterricht und Springlehrg\u00e4nge auf Anfrage Website Mylene Diederichsmeier \u2013 Ausbildung, Turniersport, Verkaufspferde Siegerin vieler Gro\u00dfer Preise, Tr\u00e4gerin des Goldenen Reitabzeichens Website Gest\u00fct R\u00fcder Kai R\u00fcder ist Pferdewirtschaftsmeister und erfolgreich Nationenpreise geritten. &hellip; <a class=\"kt-excerpt-readmore\" href=\"https:\/\/www.spring-reiter.de\/index.php\/turnier-und-ausbildungsstaelle-schleswig-holstein\/\" aria-label=\"Turnier- und Ausbildungsst\u00e4lle Schleswig-Holstein\">Weiterlesen<\/a><\/p>\n","protected":false},"author":1,"featured_media":0,"parent":0,"menu_order":0,"comment_status":"closed","ping_status":"closed","template":"","meta":{"footnotes":""},"class_list":["post-354","page","type-page","status-publish","hentry"],"translation":{"provider":"WPGlobus","version":"3.0.2","language":"de","enabled_languages":["de","en"],"languages":{"de":{"title":true,"content":true,"excerpt":false},"en":{"title":false,"content":false,"excerpt":false}}},"_links":{"self":[{"href":"https:\/\/www.spring-reiter.de\/index.php\/wp-json\/wp\/v2\/pages\/354","targetHints":{"allow":["GET"]}}],"collection":[{"href":"https:\/\/www.spring-reiter.de\/index.php\/wp-json\/wp\/v2\/pages"}],"about":[{"href":"https:\/\/www.spring-reiter.de\/index.php\/wp-json\/wp\/v2\/types\/page"}],"author":[{"embeddable":true,"href":"https:\/\/www.spring-reiter.de\/index.php\/wp-json\/wp\/v2\/users\/1"}],"replies":[{"embeddable":true,"href":"https:\/\/www.spring-reiter.de\/index.php\/wp-json\/wp\/v2\/comments?post=354"}],"version-history":[{"count":0,"href":"https:\/\/www.spring-reiter.de\/index.php\/wp-json\/wp\/v2\/pages\/354\/revisions"}],"wp:attachment":[{"href":"https:\/\/www.spring-reiter.de\/index.php\/wp-json\/wp\/v2\/media?parent=354"}],"curies":[{"name":"wp","href":"https:\/\/api.w.org\/{rel}","templated":true}]}}